{"id":281,"date":"2022-01-18T12:48:48","date_gmt":"2022-01-18T12:48:48","guid":{"rendered":"https:\/\/www.schule-kell.de\/?page_id=281"},"modified":"2022-06-11T20:23:25","modified_gmt":"2022-06-11T20:23:25","slug":"fairtrade-team","status":"publish","type":"page","link":"https:\/\/www.schule-kell.de\/?page_id=281","title":{"rendered":"Fairtrade-Team"},"content":{"rendered":"<p>[et_pb_section fb_built=&#8220;1&#8243; _builder_version=&#8220;4.14.6&#8243; _module_preset=&#8220;default&#8220; global_colors_info=&#8220;{}&#8220;][et_pb_row _builder_version=&#8220;4.14.6&#8243; _module_preset=&#8220;default&#8220; custom_margin=&#8220;-27px||||false|false&#8220; global_colors_info=&#8220;{}&#8220;][et_pb_column type=&#8220;4_4&#8243; _builder_version=&#8220;4.14.6&#8243; _module_preset=&#8220;default&#8220; global_colors_info=&#8220;{}&#8220;][et_pb_code _builder_version=&#8220;4.14.6&#8243; _module_preset=&#8220;default&#8220; text_orientation=&#8220;left&#8220; custom_margin=&#8220;|||-12px|false|false&#8220; custom_padding=&#8220;|||0px|false|false&#8220; global_colors_info=&#8220;{}&#8220;]\t\t\t<!-- Flexy Breadcrumb -->\r\n\t\t\t<div class=\"fbc fbc-page\">\r\n\r\n\t\t\t\t<!-- Breadcrumb wrapper -->\r\n\t\t\t\t<div class=\"fbc-wrap\">\r\n\r\n\t\t\t\t\t<!-- Ordered list-->\r\n\t\t\t\t\t<ol class=\"fbc-items\" itemscope itemtype=\"https:\/\/schema.org\/BreadcrumbList\">\r\n\t\t\t\t\t\t            <li itemprop=\"itemListElement\" itemscope itemtype=\"https:\/\/schema.org\/ListItem\">\r\n                <span itemprop=\"name\">\r\n                    <!-- Home Link -->\r\n                    <a itemprop=\"item\" href=\"https:\/\/www.schule-kell.de\">\r\n                    \r\n                                                    <i class=\"fa fa-home\" aria-hidden=\"true\"><\/i>Start                    <\/a>\r\n                <\/span>\r\n                <meta itemprop=\"position\" content=\"1\" \/><!-- Meta Position-->\r\n             <\/li><li><span class=\"fbc-separator\">>><\/span><\/li><li class=\"active\" itemprop=\"itemListElement\" itemscope itemtype=\"https:\/\/schema.org\/ListItem\"><span itemprop=\"name\" title=\"Fairtrade-Team\">Fairtrade-Team<\/span><meta itemprop=\"position\" content=\"2\" \/><\/li>\t\t\t\t\t<\/ol>\r\n\t\t\t\t\t<div class=\"clearfix\"><\/div>\r\n\t\t\t\t<\/div>\r\n\t\t\t<\/div>\r\n\t\t\t[\/et_pb_code][\/et_pb_column][\/et_pb_row][et_pb_row _builder_version=&#8220;4.14.6&#8243; _module_preset=&#8220;default&#8220; custom_padding=&#8220;0px||0px||false|false&#8220; global_colors_info=&#8220;{}&#8220;][et_pb_column type=&#8220;4_4&#8243; _builder_version=&#8220;4.14.6&#8243; _module_preset=&#8220;default&#8220; global_colors_info=&#8220;{}&#8220;][et_pb_text _builder_version=&#8220;4.14.8&#8243; _module_preset=&#8220;default&#8220; header_text_color=&#8220;#73B42B&#8220; global_colors_info=&#8220;{}&#8220;]<\/p>\n<h1>Fairtrade-Team<\/h1>\n<p>[\/et_pb_text][\/et_pb_column][\/et_pb_row][et_pb_row column_structure=&#8220;3_5,2_5&#8243; make_equal=&#8220;on&#8220; _builder_version=&#8220;4.14.6&#8243; _module_preset=&#8220;default&#8220; custom_css_main_element=&#8220;align-items:center;\t||\t&#8220; global_colors_info=&#8220;{}&#8220;][et_pb_column type=&#8220;3_5&#8243; _builder_version=&#8220;4.14.6&#8243; _module_preset=&#8220;default&#8220; global_colors_info=&#8220;{}&#8220;][et_pb_text _builder_version=&#8220;4.14.8&#8243; _module_preset=&#8220;default&#8220; text_font=&#8220;Almarai||||||||&#8220; link_text_color=&#8220;#73B42B&#8220; text_orientation=&#8220;justified&#8220; hover_enabled=&#8220;0&#8243; global_colors_info=&#8220;{}&#8220; sticky_enabled=&#8220;0&#8243;]<\/p>\n<p>Um einen Beitrag hin zu einer \u201efaireren Welt\u201c zu leisten, hat sich die Schulgemeinschaft der Realschule plus Kell am See im M\u00e4rz 2017 dazu entschlossen, den Titel \u201eFair-Trade\u201c Schule zu erwerben.<\/p>\n<p>Nach nur 6 Monaten war das Ziel erreicht und alle n\u00f6tigen Kriterien zur Erlangung des Titels erf\u00fcllt. Hierbei hat die ganze Schulgemeinschaft voller Tatendrang mitgeholfen. Das schuleigene Fair-Trade Team, bestehend aus Eltern, Sch\u00fcler*innen und Lehrer*innen, sorgt seitdem beispielsweise f\u00fcr die Anschaffung von fair gehandelten Produkten. F\u00fcr den Sportunterricht werden beispielsweise fair hergestellte B\u00e4lle angeschafft, im Pausenverkauf werden Riegel und Snacks aus fairer Herstellung verkauft und im Lehrerzimmer wird fair gehandelter Kaffee getrunken.<\/p>\n<p>Zu Nikolaus erhalten die Sch\u00fcler*innen der Orientierungsstufe fair produzierte Schokoladennikol\u00e4use und an Valentinstag erh\u00e4lt die ein oder der andere eine fair gehandelte Rose als Geschenk. Dieses breitgef\u00e4cherte Engagement wurde am 20.09.2017 vom P\u00e4dagogischen Landesinstitut und dem Trans Fair e.V. mit dem Titel \u201eFair-Trade Schule\u201c ausgezeichnet.<\/p>\n<p>Unsere Schulgemeinschaft \u00fcbernimmt dadurch soziale Verantwortung und praktiziert zugleich das Prinzip der Nachhaltigkeit, um globale Probleme auf lokaler Ebene aktiv anzugehen.<\/p>\n<p>[\/et_pb_text][\/et_pb_column][et_pb_column type=&#8220;2_5&#8243; _builder_version=&#8220;4.14.6&#8243; _module_preset=&#8220;default&#8220; global_colors_info=&#8220;{}&#8220;][et_pb_image src=&#8220;https:\/\/www.schule-kell.de\/wp-content\/uploads\/2022\/06\/FairtradeUrkunde.jpg&#8220; title_text=&#8220;FairtradeUrkunde&#8220; _builder_version=&#8220;4.14.8&#8243; _module_preset=&#8220;default&#8220; hover_enabled=&#8220;0&#8243; global_colors_info=&#8220;{}&#8220; sticky_enabled=&#8220;0&#8243;][\/et_pb_image][\/et_pb_column][\/et_pb_row][\/et_pb_section]<\/p>\n","protected":false},"excerpt":{"rendered":"<p>\t\t\t<!-- Flexy Breadcrumb -->\r\n\t\t\t<div class=\"fbc fbc-page\">\r\n\r\n\t\t\t\t<!-- Breadcrumb wrapper -->\r\n\t\t\t\t<div class=\"fbc-wrap\">\r\n\r\n\t\t\t\t\t<!-- Ordered list-->\r\n\t\t\t\t\t<ol class=\"fbc-items\" itemscope itemtype=\"https:\/\/schema.org\/BreadcrumbList\">\r\n\t\t\t\t\t\t            <li itemprop=\"itemListElement\" itemscope itemtype=\"https:\/\/schema.org\/ListItem\">\r\n                <span itemprop=\"name\">\r\n                    <!-- Home Link -->\r\n                    <a itemprop=\"item\" href=\"https:\/\/www.schule-kell.de\">\r\n                    \r\n                                                    <i class=\"fa fa-home\" aria-hidden=\"true\"><\/i>Start                    <\/a>\r\n                <\/span>\r\n                <meta itemprop=\"position\" content=\"1\" \/><!-- Meta Position-->\r\n             <\/li><li><span class=\"fbc-separator\">>><\/span><\/li><li class=\"active\" itemprop=\"itemListElement\" itemscope itemtype=\"https:\/\/schema.org\/ListItem\"><span itemprop=\"name\" title=\"Fairtrade-Team\">Fairtrade-Team<\/span><meta itemprop=\"position\" content=\"2\" \/><\/li>\t\t\t\t\t<\/ol>\r\n\t\t\t\t\t<div class=\"clearfix\"><\/div>\r\n\t\t\t\t<\/div>\r\n\t\t\t<\/div>\r\n\t\t\tFairtrade-TeamUm einen Beitrag hin zu einer \u201efaireren Welt\u201c zu leisten, hat sich die Schulgemeinschaft der Realschule plus Kell am See im M\u00e4rz 2017 dazu entschlossen, den Titel \u201eFair-Trade\u201c Schule zu erwerben. Nach nur 6 Monaten war das Ziel erreicht und alle n\u00f6tigen Kriterien zur Erlangung des Titels erf\u00fcllt. Hierbei hat die ganze Schulgemeinschaft voller Tatendrang [&hellip;]<\/p>\n","protected":false},"author":1,"featured_media":0,"parent":0,"menu_order":6,"comment_status":"closed","ping_status":"closed","template":"","meta":{"_et_pb_use_builder":"on","_et_pb_old_content":"<!-- wp:divi\/placeholder \/-->","_et_gb_content_width":"","footnotes":""},"class_list":["post-281","page","type-page","status-publish","hentry"],"_links":{"self":[{"href":"https:\/\/www.schule-kell.de\/index.php?rest_route=\/wp\/v2\/pages\/281","targetHints":{"allow":["GET"]}}],"collection":[{"href":"https:\/\/www.schule-kell.de\/index.php?rest_route=\/wp\/v2\/pages"}],"about":[{"href":"https:\/\/www.schule-kell.de\/index.php?rest_route=\/wp\/v2\/types\/page"}],"author":[{"embeddable":true,"href":"https:\/\/www.schule-kell.de\/index.php?rest_route=\/wp\/v2\/users\/1"}],"replies":[{"embeddable":true,"href":"https:\/\/www.schule-kell.de\/index.php?rest_route=%2Fwp%2Fv2%2Fcomments&post=281"}],"version-history":[{"count":6,"href":"https:\/\/www.schule-kell.de\/index.php?rest_route=\/wp\/v2\/pages\/281\/revisions"}],"predecessor-version":[{"id":1190,"href":"https:\/\/www.schule-kell.de\/index.php?rest_route=\/wp\/v2\/pages\/281\/revisions\/1190"}],"wp:attachment":[{"href":"https:\/\/www.schule-kell.de\/index.php?rest_route=%2Fwp%2Fv2%2Fmedia&parent=281"}],"curies":[{"name":"wp","href":"https:\/\/api.w.org\/{rel}","templated":true}]}}

<p>[et_pb_section fb_built=&#8220;1&#8243; _builder_version=&#8220;4.14.6&#8243; _module_preset=&#8220;default&#8220; global_colors_info=&#8220;{}&#8220;][et_pb_row _builder_version=&#8220;4.14.6&#8243; _module_preset=&#8220;default&#8220; custom_margin=&#8220;-27px||||false|false&#8220; global_colors_info=&#8220;{}&#8220;][et_pb_column type=&#8220;4_4&#8243; _builder_version=&#8220;4.14.6&#8243; _module_preset=&#8220;default&#8220; global_colors_info=&#8220;{}&#8220;][et_pb_code _builder_version=&#8220;4.14.6&#8243; _module_preset=&#8220;default&#8220; text_orientation=&#8220;left&#8220; custom_margin=&#8220;|||-12px|false|false&#8220; custom_padding=&#8220;|||0px|false|false&#8220; global_colors_info=&#8220;{}&#8220;]			<!-- Flexy Breadcrumb -->
			<div class="fbc fbc-page">

				<!-- Breadcrumb wrapper -->
				<div class="fbc-wrap">

					<!-- Ordered list-->
					<ol class="fbc-items" itemscope itemtype="https://schema.org/BreadcrumbList">
						            <li itemprop="itemListElement" itemscope itemtype="https://schema.org/ListItem">
                <span itemprop="name">
                    <!-- Home Link -->
                    <a itemprop="item" href="https://www.schule-kell.de">
                    
                                                    <i class="fa fa-home" aria-hidden="true"></i>Start                    </a>
                </span>
                <meta itemprop="position" content="1" /><!-- Meta Position-->
             </li><li><span class="fbc-separator">>></span></li><li class="active" itemprop="itemListElement" itemscope itemtype="https://schema.org/ListItem"><span itemprop="name" title="Fairtrade-Team">Fairtrade-Team</span><meta itemprop="position" content="2" /></li>					</ol>
					<div class="clearfix"></div>
				</div>
			</div>
			[/et_pb_code][/et_pb_column][/et_pb_row][et_pb_row _builder_version=&#8220;4.14.6&#8243; _module_preset=&#8220;default&#8220; custom_padding=&#8220;0px||0px||false|false&#8220; global_colors_info=&#8220;{}&#8220;][et_pb_column type=&#8220;4_4&#8243; _builder_version=&#8220;4.14.6&#8243; _module_preset=&#8220;default&#8220; global_colors_info=&#8220;{}&#8220;][et_pb_text _builder_version=&#8220;4.14.8&#8243; _module_preset=&#8220;default&#8220; header_text_color=&#8220;#73B42B&#8220; global_colors_info=&#8220;{}&#8220;]</p>
<h1>Fairtrade-Team</h1>
<p>[/et_pb_text][/et_pb_column][/et_pb_row][et_pb_row column_structure=&#8220;3_5,2_5&#8243; make_equal=&#8220;on&#8220; _builder_version=&#8220;4.14.6&#8243; _module_preset=&#8220;default&#8220; custom_css_main_element=&#8220;align-items:center;	||	&#8220; global_colors_info=&#8220;{}&#8220;][et_pb_column type=&#8220;3_5&#8243; _builder_version=&#8220;4.14.6&#8243; _module_preset=&#8220;default&#8220; global_colors_info=&#8220;{}&#8220;][et_pb_text _builder_version=&#8220;4.14.8&#8243; _module_preset=&#8220;default&#8220; text_font=&#8220;Almarai||||||||&#8220; link_text_color=&#8220;#73B42B&#8220; text_orientation=&#8220;justified&#8220; hover_enabled=&#8220;0&#8243; global_colors_info=&#8220;{}&#8220; sticky_enabled=&#8220;0&#8243;]</p>
<p>Um einen Beitrag hin zu einer „faireren Welt“ zu leisten, hat sich die Schulgemeinschaft der Realschule plus Kell am See im März 2017 dazu entschlossen, den Titel „Fair-Trade“ Schule zu erwerben.</p>
<p>Nach nur 6 Monaten war das Ziel erreicht und alle nötigen Kriterien zur Erlangung des Titels erfüllt. Hierbei hat die ganze Schulgemeinschaft voller Tatendrang mitgeholfen. Das schuleigene Fair-Trade Team, bestehend aus Eltern, Schüler*innen und Lehrer*innen, sorgt seitdem beispielsweise für die Anschaffung von fair gehandelten Produkten. Für den Sportunterricht werden beispielsweise fair hergestellte Bälle angeschafft, im Pausenverkauf werden Riegel und Snacks aus fairer Herstellung verkauft und im Lehrerzimmer wird fair gehandelter Kaffee getrunken.</p>
<p>Zu Nikolaus erhalten die Schüler*innen der Orientierungsstufe fair produzierte Schokoladennikoläuse und an Valentinstag erhält die ein oder der andere eine fair gehandelte Rose als Geschenk. Dieses breitgefächerte Engagement wurde am 20.09.2017 vom Pädagogischen Landesinstitut und dem Trans Fair e.V. mit dem Titel „Fair-Trade Schule“ ausgezeichnet.</p>
<p>Unsere Schulgemeinschaft übernimmt dadurch soziale Verantwortung und praktiziert zugleich das Prinzip der Nachhaltigkeit, um globale Probleme auf lokaler Ebene aktiv anzugehen.</p>
<p>[/et_pb_text][/et_pb_column][et_pb_column type=&#8220;2_5&#8243; _builder_version=&#8220;4.14.6&#8243; _module_preset=&#8220;default&#8220; global_colors_info=&#8220;{}&#8220;][et_pb_image src=&#8220;https://www.schule-kell.de/wp-content/uploads/2022/06/FairtradeUrkunde.jpg&#8220; title_text=&#8220;FairtradeUrkunde&#8220; _builder_version=&#8220;4.14.8&#8243; _module_preset=&#8220;default&#8220; hover_enabled=&#8220;0&#8243; global_colors_info=&#8220;{}&#8220; sticky_enabled=&#8220;0&#8243;][/et_pb_image][/et_pb_column][/et_pb_row][/et_pb_section]</p>

<p>			<!-- Flexy Breadcrumb -->
			<div class="fbc fbc-page">

				<!-- Breadcrumb wrapper -->
				<div class="fbc-wrap">

					<!-- Ordered list-->
					<ol class="fbc-items" itemscope itemtype="https://schema.org/BreadcrumbList">
						            <li itemprop="itemListElement" itemscope itemtype="https://schema.org/ListItem">
                <span itemprop="name">
                    <!-- Home Link -->
                    <a itemprop="item" href="https://www.schule-kell.de">
                    
                                                    <i class="fa fa-home" aria-hidden="true"></i>Start                    </a>
                </span>
                <meta itemprop="position" content="1" /><!-- Meta Position-->
             </li><li><span class="fbc-separator">>></span></li><li class="active" itemprop="itemListElement" itemscope itemtype="https://schema.org/ListItem"><span itemprop="name" title="Fairtrade-Team">Fairtrade-Team</span><meta itemprop="position" content="2" /></li>					</ol>
					<div class="clearfix"></div>
				</div>
			</div>
			Fairtrade-TeamUm einen Beitrag hin zu einer „faireren Welt“ zu leisten, hat sich die Schulgemeinschaft der Realschule plus Kell am See im März 2017 dazu entschlossen, den Titel „Fair-Trade“ Schule zu erwerben. Nach nur 6 Monaten war das Ziel erreicht und alle nötigen Kriterien zur Erlangung des Titels erfüllt. Hierbei hat die ganze Schulgemeinschaft voller Tatendrang [&hellip;]</p>
