{"id":184,"date":"2022-01-16T18:08:46","date_gmt":"2022-01-16T18:08:46","guid":{"rendered":"https:\/\/www.schule-kell.de\/?page_id=184"},"modified":"2024-11-15T06:10:36","modified_gmt":"2024-11-15T06:10:36","slug":"klassenelternsprecher","status":"publish","type":"page","link":"https:\/\/www.schule-kell.de\/?page_id=184","title":{"rendered":"Schulelternsprecher"},"content":{"rendered":"<p>[et_pb_section fb_built=&#8220;1&#8243; _builder_version=&#8220;4.16&#8243; _module_preset=&#8220;default&#8220; global_colors_info=&#8220;{}&#8220;][et_pb_row _builder_version=&#8220;4.16&#8243; _module_preset=&#8220;default&#8220; custom_margin=&#8220;-27px||||false|false&#8220; global_colors_info=&#8220;{}&#8220;][et_pb_column type=&#8220;4_4&#8243; _builder_version=&#8220;4.16&#8243; _module_preset=&#8220;default&#8220; global_colors_info=&#8220;{}&#8220;][et_pb_code _builder_version=&#8220;4.16&#8243; _module_preset=&#8220;default&#8220; text_orientation=&#8220;left&#8220; custom_margin=&#8220;|||-12px|false|false&#8220; custom_padding=&#8220;|||0px|false|false&#8220; global_colors_info=&#8220;{}&#8220;]\t\t\t<!-- Flexy Breadcrumb -->\r\n\t\t\t<div class=\"fbc fbc-page\">\r\n\r\n\t\t\t\t<!-- Breadcrumb wrapper -->\r\n\t\t\t\t<div class=\"fbc-wrap\">\r\n\r\n\t\t\t\t\t<!-- Ordered list-->\r\n\t\t\t\t\t<ol class=\"fbc-items\" itemscope itemtype=\"https:\/\/schema.org\/BreadcrumbList\">\r\n\t\t\t\t\t\t            <li itemprop=\"itemListElement\" itemscope itemtype=\"https:\/\/schema.org\/ListItem\">\r\n                <span itemprop=\"name\">\r\n                    <!-- Home Link -->\r\n                    <a itemprop=\"item\" href=\"https:\/\/www.schule-kell.de\">\r\n                    \r\n                                                    <i class=\"fa fa-home\" aria-hidden=\"true\"><\/i>Start                    <\/a>\r\n                <\/span>\r\n                <meta itemprop=\"position\" content=\"1\" \/><!-- Meta Position-->\r\n             <\/li><li><span class=\"fbc-separator\">>><\/span><\/li><li class=\"active\" itemprop=\"itemListElement\" itemscope itemtype=\"https:\/\/schema.org\/ListItem\"><span itemprop=\"name\" title=\"Schulelternsprecher\">Schulelternsprecher<\/span><meta itemprop=\"position\" content=\"2\" \/><\/li>\t\t\t\t\t<\/ol>\r\n\t\t\t\t\t<div class=\"clearfix\"><\/div>\r\n\t\t\t\t<\/div>\r\n\t\t\t<\/div>\r\n\t\t\t[\/et_pb_code][\/et_pb_column][\/et_pb_row][et_pb_row _builder_version=&#8220;4.16&#8243; _module_preset=&#8220;default&#8220; custom_padding=&#8220;0px||0px||false|false&#8220; global_colors_info=&#8220;{}&#8220;][et_pb_column type=&#8220;4_4&#8243; _builder_version=&#8220;4.16&#8243; _module_preset=&#8220;default&#8220; global_colors_info=&#8220;{}&#8220;][et_pb_text _builder_version=&#8220;4.16&#8243; _module_preset=&#8220;default&#8220; header_text_color=&#8220;#73B42B&#8220; global_colors_info=&#8220;{}&#8220;]<\/p>\n<h1>Schulelternbeirat<\/h1>\n<p>[\/et_pb_text][\/et_pb_column][\/et_pb_row][et_pb_row column_structure=&#8220;3_5,2_5&#8243; make_equal=&#8220;on&#8220; _builder_version=&#8220;4.16&#8243; _module_preset=&#8220;default&#8220; custom_css_main_element=&#8220;align-items:center;\t||\t&#8220; global_colors_info=&#8220;{}&#8220;][et_pb_column type=&#8220;3_5&#8243; _builder_version=&#8220;4.16&#8243; _module_preset=&#8220;default&#8220; global_colors_info=&#8220;{}&#8220;][et_pb_text _builder_version=&#8220;4.22.1&#8243; _module_preset=&#8220;default&#8220; text_font=&#8220;Almarai||||||||&#8220; link_text_color=&#8220;#73B42B&#8220; text_orientation=&#8220;justified&#8220; hover_enabled=&#8220;0&#8243; global_colors_info=&#8220;{}&#8220; sticky_enabled=&#8220;0&#8243;]<\/p>\n<p>Der Schulelternbeirat ist fester Bestandteil der Schulgemeinschaft an der Realschule plus Kell am See.<\/p>\n<p>Zentrale Aufgaben des Schulelternbeirates sind die Unterst\u00fctzung des Schullebens und die Mitbestimmung in schulischen Angelegenheiten. Dar\u00fcber hinaus ist der Schulelternbeirat ebenfalls Ansprechpartner f\u00fcr die Belange der Eltern und Erziehungsberechtigten unserer Sch\u00fcler*innen.<\/p>\n<p>&nbsp;<\/p>\n<p>Aktuell besteht der Schulelternbeirat aus folgenden Mitgliedern:<\/p>\n<p><strong>Herr Arend<\/strong> (Schulelternsprecher)<\/p>\n<p><strong>Frau Jager<\/strong><\/p>\n<p><strong>Frau Klasner\u00a0<\/strong><\/p>\n<p><strong>Frau Marx<\/strong><\/p>\n<p><strong>Frau Robert<br \/><\/strong><\/p>\n<p><strong>Frau Sch\u00e4fers<\/strong><\/p>\n<p><strong>Herr Schwandrau<\/strong><\/p>\n<p><strong>\u00a0\u00a0\u00a0\u00a0\u00a0\u00a0\u00a0 <\/strong><\/p>\n<p>&nbsp;<\/p>\n<p>Sie erreichen den Schulelternbeirat per Mail unter <a href=\"mailto:SEB@schule-kell.de\">SEB@schule-kell.de<\/a><\/p>\n<p>[\/et_pb_text][\/et_pb_column][et_pb_column type=&#8220;2_5&#8243; _builder_version=&#8220;4.16&#8243; _module_preset=&#8220;default&#8220; global_colors_info=&#8220;{}&#8220;][et_pb_image src=&#8220;https:\/\/www.schule-kell.de\/wp-content\/uploads\/2022\/03\/Wortwolke-SEB.jpg&#8220; title_text=&#8220;Wortwolke SEB&#8220; show_in_lightbox=&#8220;on&#8220; use_overlay=&#8220;on&#8220; hover_icon=&#8220;&#x54;||divi||400&#8243; _builder_version=&#8220;4.16&#8243; _module_preset=&#8220;default&#8220; global_colors_info=&#8220;{}&#8220;][\/et_pb_image][\/et_pb_column][\/et_pb_row][\/et_pb_section]<\/p>\n","protected":false},"excerpt":{"rendered":"<p>\t\t\t<!-- Flexy Breadcrumb -->\r\n\t\t\t<div class=\"fbc fbc-page\">\r\n\r\n\t\t\t\t<!-- Breadcrumb wrapper -->\r\n\t\t\t\t<div class=\"fbc-wrap\">\r\n\r\n\t\t\t\t\t<!-- Ordered list-->\r\n\t\t\t\t\t<ol class=\"fbc-items\" itemscope itemtype=\"https:\/\/schema.org\/BreadcrumbList\">\r\n\t\t\t\t\t\t            <li itemprop=\"itemListElement\" itemscope itemtype=\"https:\/\/schema.org\/ListItem\">\r\n                <span itemprop=\"name\">\r\n                    <!-- Home Link -->\r\n                    <a itemprop=\"item\" href=\"https:\/\/www.schule-kell.de\">\r\n                    \r\n                                                    <i class=\"fa fa-home\" aria-hidden=\"true\"><\/i>Start                    <\/a>\r\n                <\/span>\r\n                <meta itemprop=\"position\" content=\"1\" \/><!-- Meta Position-->\r\n             <\/li><li><span class=\"fbc-separator\">>><\/span><\/li><li class=\"active\" itemprop=\"itemListElement\" itemscope itemtype=\"https:\/\/schema.org\/ListItem\"><span itemprop=\"name\" title=\"Schulelternsprecher\">Schulelternsprecher<\/span><meta itemprop=\"position\" content=\"2\" \/><\/li>\t\t\t\t\t<\/ol>\r\n\t\t\t\t\t<div class=\"clearfix\"><\/div>\r\n\t\t\t\t<\/div>\r\n\t\t\t<\/div>\r\n\t\t\tSchulelternbeiratDer Schulelternbeirat ist fester Bestandteil der Schulgemeinschaft an der Realschule plus Kell am See. Zentrale Aufgaben des Schulelternbeirates sind die Unterst\u00fctzung des Schullebens und die Mitbestimmung in schulischen Angelegenheiten. Dar\u00fcber hinaus ist der Schulelternbeirat ebenfalls Ansprechpartner f\u00fcr die Belange der Eltern und Erziehungsberechtigten unserer Sch\u00fcler*innen. &nbsp; Aktuell besteht der Schulelternbeirat aus folgenden Mitgliedern: Herr Arend [&hellip;]<\/p>\n","protected":false},"author":1,"featured_media":0,"parent":0,"menu_order":1,"comment_status":"closed","ping_status":"closed","template":"","meta":{"_et_pb_use_builder":"on","_et_pb_old_content":"","_et_gb_content_width":"","footnotes":""},"class_list":["post-184","page","type-page","status-publish","hentry"],"_links":{"self":[{"href":"https:\/\/www.schule-kell.de\/index.php?rest_route=\/wp\/v2\/pages\/184","targetHints":{"allow":["GET"]}}],"collection":[{"href":"https:\/\/www.schule-kell.de\/index.php?rest_route=\/wp\/v2\/pages"}],"about":[{"href":"https:\/\/www.schule-kell.de\/index.php?rest_route=\/wp\/v2\/types\/page"}],"author":[{"embeddable":true,"href":"https:\/\/www.schule-kell.de\/index.php?rest_route=\/wp\/v2\/users\/1"}],"replies":[{"embeddable":true,"href":"https:\/\/www.schule-kell.de\/index.php?rest_route=%2Fwp%2Fv2%2Fcomments&post=184"}],"version-history":[{"count":10,"href":"https:\/\/www.schule-kell.de\/index.php?rest_route=\/wp\/v2\/pages\/184\/revisions"}],"predecessor-version":[{"id":2307,"href":"https:\/\/www.schule-kell.de\/index.php?rest_route=\/wp\/v2\/pages\/184\/revisions\/2307"}],"wp:attachment":[{"href":"https:\/\/www.schule-kell.de\/index.php?rest_route=%2Fwp%2Fv2%2Fmedia&parent=184"}],"curies":[{"name":"wp","href":"https:\/\/api.w.org\/{rel}","templated":true}]}}

<p>[et_pb_section fb_built=&#8220;1&#8243; _builder_version=&#8220;4.16&#8243; _module_preset=&#8220;default&#8220; global_colors_info=&#8220;{}&#8220;][et_pb_row _builder_version=&#8220;4.16&#8243; _module_preset=&#8220;default&#8220; custom_margin=&#8220;-27px||||false|false&#8220; global_colors_info=&#8220;{}&#8220;][et_pb_column type=&#8220;4_4&#8243; _builder_version=&#8220;4.16&#8243; _module_preset=&#8220;default&#8220; global_colors_info=&#8220;{}&#8220;][et_pb_code _builder_version=&#8220;4.16&#8243; _module_preset=&#8220;default&#8220; text_orientation=&#8220;left&#8220; custom_margin=&#8220;|||-12px|false|false&#8220; custom_padding=&#8220;|||0px|false|false&#8220; global_colors_info=&#8220;{}&#8220;]			<!-- Flexy Breadcrumb -->
			<div class="fbc fbc-page">

				<!-- Breadcrumb wrapper -->
				<div class="fbc-wrap">

					<!-- Ordered list-->
					<ol class="fbc-items" itemscope itemtype="https://schema.org/BreadcrumbList">
						            <li itemprop="itemListElement" itemscope itemtype="https://schema.org/ListItem">
                <span itemprop="name">
                    <!-- Home Link -->
                    <a itemprop="item" href="https://www.schule-kell.de">
                    
                                                    <i class="fa fa-home" aria-hidden="true"></i>Start                    </a>
                </span>
                <meta itemprop="position" content="1" /><!-- Meta Position-->
             </li><li><span class="fbc-separator">>></span></li><li class="active" itemprop="itemListElement" itemscope itemtype="https://schema.org/ListItem"><span itemprop="name" title="Schulelternsprecher">Schulelternsprecher</span><meta itemprop="position" content="2" /></li>					</ol>
					<div class="clearfix"></div>
				</div>
			</div>
			[/et_pb_code][/et_pb_column][/et_pb_row][et_pb_row _builder_version=&#8220;4.16&#8243; _module_preset=&#8220;default&#8220; custom_padding=&#8220;0px||0px||false|false&#8220; global_colors_info=&#8220;{}&#8220;][et_pb_column type=&#8220;4_4&#8243; _builder_version=&#8220;4.16&#8243; _module_preset=&#8220;default&#8220; global_colors_info=&#8220;{}&#8220;][et_pb_text _builder_version=&#8220;4.16&#8243; _module_preset=&#8220;default&#8220; header_text_color=&#8220;#73B42B&#8220; global_colors_info=&#8220;{}&#8220;]</p>
<h1>Schulelternbeirat</h1>
<p>[/et_pb_text][/et_pb_column][/et_pb_row][et_pb_row column_structure=&#8220;3_5,2_5&#8243; make_equal=&#8220;on&#8220; _builder_version=&#8220;4.16&#8243; _module_preset=&#8220;default&#8220; custom_css_main_element=&#8220;align-items:center;	||	&#8220; global_colors_info=&#8220;{}&#8220;][et_pb_column type=&#8220;3_5&#8243; _builder_version=&#8220;4.16&#8243; _module_preset=&#8220;default&#8220; global_colors_info=&#8220;{}&#8220;][et_pb_text _builder_version=&#8220;4.22.1&#8243; _module_preset=&#8220;default&#8220; text_font=&#8220;Almarai||||||||&#8220; link_text_color=&#8220;#73B42B&#8220; text_orientation=&#8220;justified&#8220; hover_enabled=&#8220;0&#8243; global_colors_info=&#8220;{}&#8220; sticky_enabled=&#8220;0&#8243;]</p>
<p>Der Schulelternbeirat ist fester Bestandteil der Schulgemeinschaft an der Realschule plus Kell am See.</p>
<p>Zentrale Aufgaben des Schulelternbeirates sind die Unterstützung des Schullebens und die Mitbestimmung in schulischen Angelegenheiten. Darüber hinaus ist der Schulelternbeirat ebenfalls Ansprechpartner für die Belange der Eltern und Erziehungsberechtigten unserer Schüler*innen.</p>
<p>&nbsp;</p>
<p>Aktuell besteht der Schulelternbeirat aus folgenden Mitgliedern:</p>
<p><strong>Herr Arend</strong> (Schulelternsprecher)</p>
<p><strong>Frau Jager</strong></p>
<p><strong>Frau Klasner </strong></p>
<p><strong>Frau Marx</strong></p>
<p><strong>Frau Robert<br /></strong></p>
<p><strong>Frau Schäfers</strong></p>
<p><strong>Herr Schwandrau</strong></p>
<p><strong>        </strong></p>
<p>&nbsp;</p>
<p>Sie erreichen den Schulelternbeirat per Mail unter <a href="mailto:SEB@schule-kell.de">SEB@schule-kell.de</a></p>
<p>[/et_pb_text][/et_pb_column][et_pb_column type=&#8220;2_5&#8243; _builder_version=&#8220;4.16&#8243; _module_preset=&#8220;default&#8220; global_colors_info=&#8220;{}&#8220;][et_pb_image src=&#8220;https://www.schule-kell.de/wp-content/uploads/2022/03/Wortwolke-SEB.jpg&#8220; title_text=&#8220;Wortwolke SEB&#8220; show_in_lightbox=&#8220;on&#8220; use_overlay=&#8220;on&#8220; hover_icon=&#8220;&#x54;||divi||400&#8243; _builder_version=&#8220;4.16&#8243; _module_preset=&#8220;default&#8220; global_colors_info=&#8220;{}&#8220;][/et_pb_image][/et_pb_column][/et_pb_row][/et_pb_section]</p>

<p>			<!-- Flexy Breadcrumb -->
			<div class="fbc fbc-page">

				<!-- Breadcrumb wrapper -->
				<div class="fbc-wrap">

					<!-- Ordered list-->
					<ol class="fbc-items" itemscope itemtype="https://schema.org/BreadcrumbList">
						            <li itemprop="itemListElement" itemscope itemtype="https://schema.org/ListItem">
                <span itemprop="name">
                    <!-- Home Link -->
                    <a itemprop="item" href="https://www.schule-kell.de">
                    
                                                    <i class="fa fa-home" aria-hidden="true"></i>Start                    </a>
                </span>
                <meta itemprop="position" content="1" /><!-- Meta Position-->
             </li><li><span class="fbc-separator">>></span></li><li class="active" itemprop="itemListElement" itemscope itemtype="https://schema.org/ListItem"><span itemprop="name" title="Schulelternsprecher">Schulelternsprecher</span><meta itemprop="position" content="2" /></li>					</ol>
					<div class="clearfix"></div>
				</div>
			</div>
			SchulelternbeiratDer Schulelternbeirat ist fester Bestandteil der Schulgemeinschaft an der Realschule plus Kell am See. Zentrale Aufgaben des Schulelternbeirates sind die Unterstützung des Schullebens und die Mitbestimmung in schulischen Angelegenheiten. Darüber hinaus ist der Schulelternbeirat ebenfalls Ansprechpartner für die Belange der Eltern und Erziehungsberechtigten unserer Schüler*innen. &nbsp; Aktuell besteht der Schulelternbeirat aus folgenden Mitgliedern: Herr Arend [&hellip;]</p>
